{"id":463,"date":"2024-02-14T17:47:37","date_gmt":"2024-02-14T16:47:37","guid":{"rendered":"https:\/\/yogaseamersion.fr\/?post_type=product&#038;p=463"},"modified":"2024-02-14T18:08:31","modified_gmt":"2024-02-14T17:08:31","slug":"yoga-surf-saint-malo","status":"publish","type":"product","link":"https:\/\/yogaseamersion.fr\/index.php\/produit\/yoga-surf-saint-malo\/","title":{"rendered":"Yoga surf, saint malo"},"content":{"rendered":"<h5 style=\"text-align: left;\"><strong>MER ET MOUVEMENT<\/strong><\/h5>\n<ul>\n<li>\n<h5>Combinaison du yoga et du surf pour travailler la force, la souplesse, la coordination du corps, ainsi que la relaxation mentale<\/h5>\n<\/li>\n<li>\n<h5>1h15 de yoga sur la plage, face \u00e0 la mer, avec le son des vagues<\/h5>\n<\/li>\n<li style=\"text-align: left;\">\n<h5>1h30 de cours de surf pour tous les niveaux permettent aux d\u00e9butants de s&rsquo;initier au sport et aux pratiquants exp\u00e9riment\u00e9s de perfectionner leur technique<\/h5>\n<\/li>\n<li style=\"text-align: left;\">\n<h5>Possibilit\u00e9 de r\u00e9gler en ch\u00e8ques vacances<\/h5>\n<\/li>\n<li>\n<h5>Places limit\u00e9es<\/h5>\n<\/li>\n<\/ul>\n","protected":false},"excerpt":{"rendered":"<h5 style=\"text-align: left;\"><strong>MER ET MOUVEMENT<\/strong><\/h5>\n<h5>Combinaison du yoga et du surf pour travailler la force, la souplesse, la coordination du corps, ainsi que la relaxation mentale<\/h5>\n<h5>1h15 de yoga sur la plage, face \u00e0 la mer, avec le son des vagues<\/h5>\n<h5>1h30 de cours de surf pour tous les niveaux permettent aux d\u00e9butants de s&rsquo;initier au sport et aux pratiquants exp\u00e9riment\u00e9s de perfectionner leur technique<\/h5>\n<h5>Possibilit\u00e9 de r\u00e9gler en ch\u00e8ques vacances<\/h5>\n<h5>Places limit\u00e9es<\/h5>\n","protected":false},"featured_media":464,"comment_status":"open","ping_status":"closed","template":"","meta":[],"product_cat":[20],"product_tag":[],"_links":{"self":[{"href":"https:\/\/yogaseamersion.fr\/index.php\/wp-json\/wp\/v2\/product\/463"}],"collection":[{"href":"https:\/\/yogaseamersion.fr\/index.php\/wp-json\/wp\/v2\/product"}],"about":[{"href":"https:\/\/yogaseamersion.fr\/index.php\/wp-json\/wp\/v2\/types\/product"}],"replies":[{"embeddable":true,"href":"https:\/\/yogaseamersion.fr\/index.php\/wp-json\/wp\/v2\/comments?post=463"}],"wp:featuredmedia":[{"embeddable":true,"href":"https:\/\/yogaseamersion.fr\/index.php\/wp-json\/wp\/v2\/media\/464"}],"wp:attachment":[{"href":"https:\/\/yogaseamersion.fr\/index.php\/wp-json\/wp\/v2\/media?parent=463"}],"wp:term":[{"taxonomy":"product_cat","embeddable":true,"href":"https:\/\/yogaseamersion.fr\/index.php\/wp-json\/wp\/v2\/product_cat?post=463"},{"taxonomy":"product_tag","embeddable":true,"href":"https:\/\/yogaseamersion.fr\/index.php\/wp-json\/wp\/v2\/product_tag?post=463"}],"curies":[{"name":"wp","href":"https:\/\/api.w.org\/{rel}","templated":true}]}}